-j**3 - 36*j**2 - 51*j - 429. Determine u(-36).
1407
Let j(o) = 7*o**2 - 2815*o - 493546. Determine j(-132).
2
Let f(p) = 90*p**3 + 808*p**2 + 89*p + 952. Calculate f(-9).
-11
Let z(n) = 1039*n + 6192. Give z(-6).
-42
Let w(j) = 1119*j - 9333. Determine w(8).
-381
Let d(h) = h**3 + 135*h**2 + 3499*h - 193. What is d(-100)?
-93
Let v(q) = -q**3 - 35*q**2 + 187*q + 460. Calculate v(-40).
980
Let h(l) = 33*l**3 - 419*l**2 - 127*l + 18. Give h(13).
57
Let p(h) = -124*h - 5173. Give p(-38).
-461
Let u(n) = -n**3 + 41*n**2 + 102*n + 1317. Give u(44).
-3
Let o(g) = 13*g**3 - 267*g**2 + 539*g - 20. What is o(2)?
94
Let l(x) = 3955*x - 35567. Calculate l(9).
28
Let h(q) = -467*q - 6802. Give h(-16).
670
Let g(s) = -2635*s - 106950. Give g(-41).
1085
Let d(l) = -25*l**2 + 148*l + 442. Give d(-3).
-227
Let a(t) = 13866*t - 193868. Determine a(14).
256
Let f(t) = 2*t**3 + 15*t**2 + 42*t - 47. Determine f(-9).
-668
Let q(w) = -62582*w - 500644. Give q(-8).
12
Let l(f) = 1030*f + 55252. What is l(-54)?
-368
Let v(l) = -1027*l - 79073. Give v(-77).
6
Let h(n) = -4250716*n - 8501430. What is h(-2)?
2
Let i(z) = 178*z**2 + 5*z + 17. What is i(1)?
200
Let g(l) = -l**3 + 57*l**2 - 586*l + 450. What is g(44)?
-166
Let s(j) = 1560*j + 384. Calculate s(-1).
-1176
Let g(r) = r**2 - 697*r - 45068. What is g(-59)?
-464
Let h(f) = f**3 + 58*f**2 + 195*f - 3448. Give h(-53).
262
Let b(x) = -30997*x - 619925. Give b(-20).
15
Let r(q) = -21279*q + 191765. Give r(9).
254
Let n(r) = 98*r + 1678. Calculate n(-26).
-870
Let i(v) = -3*v**2 + 1325*v - 9280. Determine i(7).
-152
Let m(d) = d**3 - 122*d**2 + 678*d + 2158. Determine m(116).
70
Let o(r) = 10*r**2 + 447*r + 737. What is o(-43)?
6
Let k(a) = 27*a**3 + 245*a**2 - 11*a - 28. What is k(-9)?
233
Let m(c) = -4332*c - 693255. Determine m(-160).
-135
Let m(x) = 436*x**2 + 1308*x + 83. Calculate m(-3).
83
Let p(s) = -280*s**2 + 12022*s + 76. Give p(43).
-698
Let t(v) = 4*v**3 + 125*v**2 + 175*v - 515. Give t(-30).
-1265
Let u(a) = 5*a**2 - 254*a + 1454. Determine u(6).
110
Let b(v) = 294*v**2 - 2654*v + 10. What is b(9)?
-62
Let n(o) = -2*o**2 - 454*o - 23030. What is n(-137)?
1630
Let c(k) = -2*k**3 + 382*k**2 - 3623*k - 76. What is c(181)?
-619
Let v(q) = 209*q**2 - 1622*q - 2318. What is v(9)?
13
Let i(s) = -2*s**3 + 34*s**2 + 59*s + 1193. Determine i(20).
-27
Let p(s) = -3*s**3 + 238*s**2 - 692*s - 3. What is p(3)?
-18
Let g(u) = 19*u**2 - 118*u - 295. What is g(12)?
1025
Let p(n) = -3*n**3 - 2291*n**2 + 286*n - 365187. What is p(-764)?
5
Let a(b) = 10*b**3 + 2*b**2 + 79*b + 82. Calculate a(-1).
-5
Let m(o) = 1817026*o + 9085125. Give m(-5).
-5
Let h(z) = -368*z - 95105. Give h(-261).
943
Let v(h) = 400*h**2 + 5148*h - 674. What is v(-13)?
2
Let g(j) = 981087*j + 46111089. Calculate g(-47).
0
Let u(p) = -26*p**2 - 63*p + 71. Determine u(7).
-1644
Let z(n) = 8*n**3 + 8*n**2 - 28*n - 49. What is z(-4)?
-321
Let m(p) = -675*p**3 - 29701*p**2 - 44*p + 93. What is m(-44)?
93
Let j(h) = -h**3 + 159*h**2 + 4251*h - 57. What is j(-23)?
-1552
Let i(o) = o**3 - 484*o**2 + 6205*o - 11018. What is i(11)?
4
Let x(m) = 10*m**2 + 1389*m + 32602. Determine x(-109).
11
Let d(p) = -11*p**3 + 61*p**2 - 13*p - 37. Give d(8).
-1869
Let z(r) = -2*r**2 + 456*r + 96025. Give z(-133).
-1
Let k(q) = -3*q**2 - 7992*q - 55846. Give k(-7).
-49
Let n(p) = -4*p**3 - 2*p**2 + 191*p - 272. What is n(10)?
-2562
Let p(o) = 1141*o - 40413. What is p(35)?
-478
Let c(w) = -w**3 - 180*w**2 + 1095*w + 48. Give c(6).
-78
Let n(h) = 5*h**2 - 75*h - 632. Calculate n(21).
-2
Let m(j) = -5*j**3 + 44*j**2 + 584*j - 4915. Determine m(8).
13
Let n(o) = -298*o - 26732. Determine n(-90).
88
Let v(k) = 3*k**2 + k - 775. Give v(20).
445
Let s(n) = -n**2 + 257*n - 11933. Give s(71).
1273
Let n(j) = -939*j - 1184. Determine n(-1).
-245
Let m(z) = 115614*z + 578023. Calculate m(-5).
-47
Let z(h) = -172*h**3 - 1028*h**2 + 7*h + 16. Determine z(-6).
118
Let h(x) = 2*x**2 + 274*x - 6683. Determine h(21).
-47
Let h(o) = -23703*o + 118518. Determine h(5).
3
Let w(y) = -y**3 + 68*y**2 + 3884*y - 34. Calculate w(-37).
3
Let g(y) = -y**3 - 374*y**2 - 10626*y + 336. What is g(-31)?
119
Let j(q) = -2*q**2 - 5764*q - 631097. Calculate j(-114).
7
Let d(f) = -f**3 + 2*f**2 + 5*f - 243. What is d(-5)?
-93
Let f(q) = -30*q**2 - 9588*q - 24635. Give f(-317).
91
Let w(o) = o**3 - 44*o**2 - 7099*o + 1522. Calculate w(109).
-4
Let l(m) = -m**2 - 3209*m - 161040. What is l(-51)?
18
Let p(s) = -35*s**2 + 282*s - 102. Calculate p(8).
-86
Let l(a) = -22*a**2 - 985*a + 11673. Give l(12).
-3315
Let l(j) = 39*j + 1240. Give l(-36).
-164
Let v(c) = -c**2 - 129*c - 3648. Calculate v(-87).
6
Let f(a) = 2*a**2 - 176*a + 3421. What is f(30)?
-59
Let h(f) = -2356*f - 16491. Give h(-7).
1
Let z(h) = -h**2 - 6588*h + 85844. Determine z(13).
31
Let y(d) = 679*d**2 + 6718*d - 716. Determine y(-10).
4
Let q(s) = -64085*s + 576766. Determine q(9).
1
Let g(t) = -2*t**3 + 9*t**2 - 7458*t + 52135. What is g(7)?
-316
Let a(c) = c**3 + 29*c**2 + 121*c + 951. Calculate a(-25).
426
Let b(a) = -9*a**2 + 89*a + 1293. Determine b(-8).
5
Let s(d) = d**3 - 73418*d**2 - 2644347*d - 109. Calculate s(-36).
-1
Let i(o) = 3098*o - 4879353. Calculate i(1575).
-3
Let u(r) = 10*r**3 + 294*r**2 + 95*r - 619. What is u(-29)?
-10
Let n(t) = 17*t**2 - 735*t + 7192. Calculate n(15).
-8
Let v(m) = 1853*m - 5299. Calculate v(2).
-1593
Let s(b) = 2*b**3 + 145*b**2 + 1589*b - 22091. Calculate s(-54).
-5
Let m(a) = -1229085*a - 5. Calculate m(0).
-5
Let l(d) = d**3 - 23*d**2 + 88*d + 13. Calculate l(19).
241
Let x(o) = -412*o**2 + 55*o + 62. What is x(-2)?
-1696
Let q(a) = a**2 - 249*a + 14038. What is q(87)?
-56
Let n(a) = 25*a**2 - 2096*a - 298. What is n(86)?
4346
Let x(t) = t**3 - 15*t**2 - 396*t + 4038. What is x(9)?
-12
Let i(j) = -48*j**2 - 2395*j - 2165. Give i(-49).
-58
Let j(q) = 1645*q + 738602. Calculate j(-449).
-3
Let c(i) = 133*i**3 + i**2 - 185*i - 186. Calculate c(-1).
-133
Let m(c) = -134*c**2 + 1346*c + 5388. Calculate m(-4).
-2140
Let y(i) = i**3 - 24*i**2 + 34*i + 64. Calculate y(0).
64
Let f(n) = n**2 + 66*n + 967. Calculate f(-46).
47
Let w(k) = 17*k**2 - 200*k - 4999. Determine w(24).
-7
Let z(w) = -492*w + 1583. Calculate z(4).
-385
Let a(j) = -j**3 + 312*j**2 - 501*j + 56975. Give a(311).
-2115
Let c(o) = -o**2 + 183*o + 25739. Give c(276).
71
Let b(r) = -5*r**3 + 479*r**2 + 255*r - 14923. Give b(96).
341
Let k(j) = 1935*j + 433447. What is k(-224)?
7
Let q(v) = -96542*v + 1255040. What is q(13)?
-6
Let v(h) = 11467*h + 3394219. Give v(-296).
-13
Let p(a) = -a**2 - 1942*a + 35492. Calculate p(18).
212
Let u(y) = y**3 + 241*y**2 - 12205*y + 1991. Give u(-284).
3
Let u(y) = -y**3 - 47*y**2 + 154*y + 341. Calculate u(-50).
141
Let r(a) = -a**2 + 27*a - 102. Give r(78).
-4080
Let z(f) = -73059*f - 511455. What is z(-7)?
-42
Let t(l) = -19591*l - 2644780. Determine t(-135).
5
Let m(s) = s**3 + 50*s**2 + 143*s - 562. Calculate m(-46).
1324
Let i(v) = 1866*v - 7598. Give i(4).
-134
Let f(g) = -62*g**3 + 4*g**2 - 66*g - 132. Give f(-2).
512
Let a(x) = 18*x**3 + 2501*x**2 + 2350*x + 446. Give a(-138).
-106
Let s(k) = 2*k**2 + 631*k - 44197. Give s(59).
-6
Let a(z) = 26668*z - 906705. Determine a(34).
7
Let y(i) = i**3 + 18*i**2 - 164*i + 859. Give y(8).
1211
Let j(a) = -1550*a - 6769. Determine j(-5).
981
Let o(l) = -181*l - 5388. Give o(-28).
-320
Let n(v) = 9*v**2 + 3728*v - 33430. Give n(-423).
-13
Let u(h) = 6*h**3 - 455*h**2 + 8564*h + 35. Determine u(41).
-170
Let y(a) = 8*a**2 + 5361*a + 715579. What is y(-184)?
3
Let b(m) = 7862*m + 79085. Determine b(-10).
465
Let u(g) = 4*g**3 - 368*g**2 - 1554*g - 286. Calculate u(-4).
-214
Let d(t) = 46*t**2 - 76*t - 523. Give d(-13).
8239
Let l(v) = -v**2 - 221*v - 6519. Determine l(-186).
-9
Let w(p) = -160*p**2 - 29300*p - 32755. Determine w(-182).
5
Let t(v) = 6453*v + 690469. Determine t(-107).
-2
Let u(d) = 13*d**2 + 14209*d - 114509. Calculate u(-1101).
-5
Let k(v) = -607*v - 197917. What is k(-326)?
-35
Let s(r) = 10388*r - 550564. What is s(53)?
0
Let y(k) = 568*k + 53716. Determine y(-95).
-244
Let s(g) = 84*g - 30481. Give s(363).
11
Let g(a) = a**3 - 363*a**2 + 734*a - 134647. Determine g(362).
17
Let h(g) = -20636*g - 784161. What is h(-38)?
7
Let q(z) = -41974*